{"id":7727,"date":"2023-11-14T10:16:37","date_gmt":"2023-11-14T10:16:37","guid":{"rendered":"https:\/\/proximoferry.brikkelt.nl\/blog\/?page_id=7727"},"modified":"2024-04-24T09:00:11","modified_gmt":"2024-04-24T09:00:11","slug":"black-friday-ofertas","status":"publish","type":"page","link":"https:\/\/proximoferry.brikkelt.nl\/blog\/ofertas\/black-friday-ofertas\/","title":{"rendered":"Black Friday ofertas"},"content":{"rendered":"\n<figure class=\"wp-block-image\"><img loading=\"lazy\" decoding=\"async\" width=\"1024\" height=\"142\" src=\"https:\/\/proximoferry.brikkelt.nl\/blog\/wp-content\/uploads\/2023\/04\/oferta-ferry-viajar-1024x142.png\" alt=\"\" class=\"wp-image-6601\" srcset=\"https:\/\/proximoferry.brikkelt.nl\/blog\/wp-content\/uploads\/2023\/04\/oferta-ferry-viajar-1024x142.png 1024w, https:\/\/proximoferry.brikkelt.nl\/blog\/wp-content\/uploads\/2023\/04\/oferta-ferry-viajar-300x42.png 300w, https:\/\/proximoferry.brikkelt.nl\/blog\/wp-content\/uploads\/2023\/04\/oferta-ferry-viajar-768x107.png 768w, https:\/\/proximoferry.brikkelt.nl\/blog\/wp-content\/uploads\/2023\/04\/oferta-ferry-viajar-470x65.png 470w, https:\/\/proximoferry.brikkelt.nl\/blog\/wp-content\/uploads\/2023\/04\/oferta-ferry-viajar.png 1080w\" sizes=\"(max-width: 1024px) 100vw, 1024px\" \/><\/figure>\n\n\n\n<p>Estas buscando la mejor oferta para viajar a la Pen\u00ednsula o a Baleares, tenemos esta oferta de <strong>Black Friday<\/strong> para viajar hasta con un <strong>50% de descuento en tu billete de ferry <\/strong><em>\u00a1Te explicamos como ahorrar en tu billete!<\/em><\/p>\n\n\n\n<p>Selecciona el trayecto que necesitas en nuestro buscador <a href=\"https:\/\/booking.proximoferry.com\/\">aqui<\/a>, para realizar tu viaje, de todos los ferry que te compara nuestra plataforma, la oferta es v\u00e1lida para los<strong> ferrys de TRASMED.<\/strong><\/p>\n\n\n\n<p>Importante realiza la <strong>reserva antes del 30 de noviembre<\/strong>, y puedes viajar con descuento hasta el 08 de septiembre de 2024. Recuerda que las plazas se agotan, consulta las <strong>fechas excluidas<\/strong> de la promoci\u00f3n:<\/p>\n\n\n\n<p>Del 01 al 10 de diciembre, del 21 de diciembre hasta el 07 de enero de 2024, y del 23 de febrero al 03 de marzo de 2024, planifica tu escapada fuera de las temporadas altas, as\u00ed podr\u00e1s ahorrar dinero en tu billete de ferry.<\/p>\n\n\n\n<p>Puedes viajar con o sin veh\u00edculo, y en la acomodaci\u00f3n que mas se adapte a tus necesidades: camarote, butaca&#8230;) el descuento se aplica igualmente, tambi\u00e9n sobre el billete de tu mascota.<\/p>\n\n\n\n<p><strong>Los trayectos que tienes disponible son:<\/strong><\/p>\n\n\n\n<ul class=\"wp-block-list\"><li><strong>Barcelona <\/strong>&lt;&gt; Palma, Barcelona &lt;&gt; Alc\u00fadia, Barcelona &lt;&gt; Mah\u00f3n, Barcelona &lt;&gt; Ibiza y viceversa.<\/li><li><strong>Valencia <\/strong>&lt;&gt; Palma, Valencia &lt;&gt; Mah\u00f3n, Valencia &lt;&gt; Ibiza y viceversa, incluye <strong>la l\u00ednea interislas Mallorca &lt;&gt; Ibiza.<\/strong><\/li><\/ul>\n\n\n\n<figure class=\"wp-block-image\"><a href=\"https:\/\/booking.proximoferry.com\/\"><img loading=\"lazy\" decoding=\"async\" width=\"1024\" height=\"237\" src=\"https:\/\/proximoferry.brikkelt.nl\/blog\/wp-content\/uploads\/2023\/03\/reserva-tu-ferry-1024x237.png\" alt=\"\" class=\"wp-image-6530\" srcset=\"https:\/\/proximoferry.brikkelt.nl\/blog\/wp-content\/uploads\/2023\/03\/reserva-tu-ferry-1024x237.png 1024w, https:\/\/proximoferry.brikkelt.nl\/blog\/wp-content\/uploads\/2023\/03\/reserva-tu-ferry-300x69.png 300w, https:\/\/proximoferry.brikkelt.nl\/blog\/wp-content\/uploads\/2023\/03\/reserva-tu-ferry-768x178.png 768w, https:\/\/proximoferry.brikkelt.nl\/blog\/wp-content\/uploads\/2023\/03\/reserva-tu-ferry-470x109.png 470w, https:\/\/proximoferry.brikkelt.nl\/blog\/wp-content\/uploads\/2023\/03\/reserva-tu-ferry.png 1080w\" sizes=\"(max-width: 1024px) 100vw, 1024px\" \/><\/a><\/figure>\n\n\n\n<p>Condiciones de la oferta:<\/p>\n\n\n\n<ul class=\"wp-block-list\"><li><strong>Hasta un 50% de descuento<\/strong> sobre el precio de la tarifa (incluye acomodaci\u00f3n butaca, camarote y veh\u00edculo, tambi\u00e9n el billete de tu mascota.<\/li><li>Reservas de IDA y VUELTA para un m\u00e1ximo de 4 pasajeros.<\/li><li><strong>Todas las l\u00edneas con el ferry TRASMED,<\/strong> quedando excluidas, Alc\u00fadia &lt;&gt; Ciutadella, y las l\u00edneas a Formentera.<\/li><li>Las reservas se pueden realizar <strong>hasta el 30 de Noviembre de 2023.<\/strong><\/li><li>Plazas limitadas.<\/li><li> <strong>Fechas excluidas<\/strong> de la promoci\u00f3n Black Friday: Del 01 al 10 de diciembre, del 21 de diciembre hasta el 07 de enero de 2024, y del 23 de febrero al 03 de marzo de 2024 <\/li><\/ul>\n\n\n\n<p>Reserva en <a href=\"https:\/\/booking.proximoferry.com\/\">Pr\u00f3ximo Ferry <\/a>esta oferta, y ahorra hasta un 50% de descuento en tu ferry \u00a1Buen viaje! <\/p>\n","protected":false},"excerpt":{"rendered":"<p>Estas buscando la mejor oferta para viajar a la Pen\u00ednsula o a Baleares, tenemos esta oferta de Black Friday para viajar hasta<span class=\"ellipsis\">&#8230;<\/span><\/p>\n","protected":false},"author":3,"featured_media":7728,"parent":6510,"menu_order":10,"comment_status":"closed","ping_status":"closed","template":"","meta":{"footnotes":""},"class_list":["post-7727","page","type-page","status-publish","has-post-thumbnail","hentry","es-ES"],"_links":{"self":[{"href":"https:\/\/proximoferry.brikkelt.nl\/blog\/wp-json\/wp\/v2\/pages\/7727"}],"collection":[{"href":"https:\/\/proximoferry.brikkelt.nl\/blog\/wp-json\/wp\/v2\/pages"}],"about":[{"href":"https:\/\/proximoferry.brikkelt.nl\/blog\/wp-json\/wp\/v2\/types\/page"}],"author":[{"embeddable":true,"href":"https:\/\/proximoferry.brikkelt.nl\/blog\/wp-json\/wp\/v2\/users\/3"}],"replies":[{"embeddable":true,"href":"https:\/\/proximoferry.brikkelt.nl\/blog\/wp-json\/wp\/v2\/comments?post=7727"}],"version-history":[{"count":4,"href":"https:\/\/proximoferry.brikkelt.nl\/blog\/wp-json\/wp\/v2\/pages\/7727\/revisions"}],"predecessor-version":[{"id":8341,"href":"https:\/\/proximoferry.brikkelt.nl\/blog\/wp-json\/wp\/v2\/pages\/7727\/revisions\/8341"}],"up":[{"embeddable":true,"href":"https:\/\/proximoferry.brikkelt.nl\/blog\/wp-json\/wp\/v2\/pages\/6510"}],"wp:featuredmedia":[{"embeddable":true,"href":"https:\/\/proximoferry.brikkelt.nl\/blog\/wp-json\/wp\/v2\/media\/7728"}],"wp:attachment":[{"href":"https:\/\/proximoferry.brikkelt.nl\/blog\/wp-json\/wp\/v2\/media?parent=7727"}],"curies":[{"name":"wp","href":"https:\/\/api.w.org\/{rel}","templated":true}]}}