{"id":5511,"date":"2022-09-20T05:00:25","date_gmt":"2022-09-20T05:00:25","guid":{"rendered":"https:\/\/proximoferry.brikkelt.nl\/blog\/?page_id=5511"},"modified":"2022-07-05T07:30:04","modified_gmt":"2022-07-05T07:30:04","slug":"servicios-a-bordo-para-personas-con-movilidad-reducida","status":"publish","type":"page","link":"https:\/\/proximoferry.brikkelt.nl\/blog\/tips\/servicios-a-bordo-para-personas-con-movilidad-reducida\/","title":{"rendered":"Servicios a bordo para personas con movilidad reducida"},"content":{"rendered":"\n<p>Es importante indicar en el momento de la reserva si el pasajero tiene alguna movilidad reducida o si necesita asistencia, de tal manera que la naviera pueda proporcionarle toda la ayuda posible y le pueda informar de las ayudas que le van a ofrecer.<\/p>\n\n\n\n<p>Los servicios que brindan los distintos buques son butacas adaptadas, ba\u00f1os adaptados y anclajes de seguridad para sillas de ruedas. En el caso de que el barco tenga camarotes, habr\u00e1 habilitados.<\/p>\n\n\n    <div class=\"ad ad-type-timetable ad-has-image\">\n      <div class=\"ad-wrapper\">\n        <a href=\"\/en\/ads\/url\/45\" rel=\"nofollow\" target=\"_blank\" style=\"background: url(\/en\/ads\/img\/45\/timetable?p=69e0287901c71)\">\n                      <span class=\"title\">Nautica Pins<\/span>\n            <span class=\"description\">Lloguer d'embarcacions i venda d'accessoris n\u00e0utics. info@nauticapins.com | 971 322 651<\/span>\n            <span class=\"ad-footer\">nauticapins.com<\/span>\n                  <\/a>\n      <\/div>\n    <\/div>\n    \n\n\n\n<p>Algunas navieras podr\u00e1n exigir que la persona vaya acompa\u00f1ada de otra para facilitar la asistencia, en casos estrictamente necesarios.<\/p>\n\n\n\n<p>En cada estaci\u00f3n mar\u00edtima hay sillas de ruedas, a disposici\u00f3n de aquellas personas que las necesiten. El Personal de Asistencia a Personas de Movilidad Reducida ser\u00e1n las encargadas de asistirles y podr\u00e1n exigir la documentaci\u00f3n justificativa del tipo de discapacidad o asistencia especial solicitada por el pasajero.<\/p>\n\n\n    <div class=\"ad ad-type-timetable ad-has-image\">\n      <div class=\"ad-wrapper\">\n        <a href=\"\/en\/ads\/url\/115\" rel=\"nofollow\" target=\"_blank\" style=\"background: url(\/en\/ads\/img\/115\/timetable?p=69e0287901c71)\">\n                      <span class=\"title\">Consell Insular - Zona Blava<\/span>\n            <span class=\"description\"><\/span>\n            <span class=\"ad-footer\"><\/span>\n                  <\/a>\n      <\/div>\n    <\/div>\n    \n\n\n\n<p><br><\/p>\n","protected":false},"excerpt":{"rendered":"<p>Es importante indicar en el momento de la reserva si el pasajero tiene alguna movilidad reducida o si necesita asistencia, de tal<span class=\"ellipsis\">&#8230;<\/span><\/p>\n","protected":false},"author":3,"featured_media":5512,"parent":4770,"menu_order":0,"comment_status":"closed","ping_status":"closed","template":"","meta":{"footnotes":""},"class_list":["post-5511","page","type-page","status-publish","has-post-thumbnail","hentry","es-ES"],"_links":{"self":[{"href":"https:\/\/proximoferry.brikkelt.nl\/blog\/wp-json\/wp\/v2\/pages\/5511"}],"collection":[{"href":"https:\/\/proximoferry.brikkelt.nl\/blog\/wp-json\/wp\/v2\/pages"}],"about":[{"href":"https:\/\/proximoferry.brikkelt.nl\/blog\/wp-json\/wp\/v2\/types\/page"}],"author":[{"embeddable":true,"href":"https:\/\/proximoferry.brikkelt.nl\/blog\/wp-json\/wp\/v2\/users\/3"}],"replies":[{"embeddable":true,"href":"https:\/\/proximoferry.brikkelt.nl\/blog\/wp-json\/wp\/v2\/comments?post=5511"}],"version-history":[{"count":1,"href":"https:\/\/proximoferry.brikkelt.nl\/blog\/wp-json\/wp\/v2\/pages\/5511\/revisions"}],"predecessor-version":[{"id":5513,"href":"https:\/\/proximoferry.brikkelt.nl\/blog\/wp-json\/wp\/v2\/pages\/5511\/revisions\/5513"}],"up":[{"embeddable":true,"href":"https:\/\/proximoferry.brikkelt.nl\/blog\/wp-json\/wp\/v2\/pages\/4770"}],"wp:featuredmedia":[{"embeddable":true,"href":"https:\/\/proximoferry.brikkelt.nl\/blog\/wp-json\/wp\/v2\/media\/5512"}],"wp:attachment":[{"href":"https:\/\/proximoferry.brikkelt.nl\/blog\/wp-json\/wp\/v2\/media?parent=5511"}],"curies":[{"name":"wp","href":"https:\/\/api.w.org\/{rel}","templated":true}]}}