{"id":5446,"date":"2022-07-26T10:33:02","date_gmt":"2022-07-26T10:33:02","guid":{"rendered":"https:\/\/proximoferry.brikkelt.nl\/blog\/?page_id=5446"},"modified":"2022-06-27T10:34:01","modified_gmt":"2022-06-27T10:34:01","slug":"como-ir-de-denia-a-formentera","status":"publish","type":"page","link":"https:\/\/proximoferry.brikkelt.nl\/blog\/tips\/como-ir-de-denia-a-formentera\/","title":{"rendered":"\u00bfC\u00f3mo ir de Denia a Formentera?"},"content":{"rendered":"\n<p><strong>\u00bf<\/strong>Durante los meses de verano es posible viajar de forma directa, sin tener que hacer escala en Ibiza, desde Denia hasta Formentera. Se trata de un trayecto de unas dos horas y media, es la manera m\u00e1s r\u00e1pida de viajar desde la pen\u00ednsula hasta Formentera en ferry.<\/p>\n\n\n\n<p>Hay un gran abanico de frecuencias semanales, y los horarios var\u00edan seg\u00fan la temporada. En cuanto a los precios tambi\u00e9n pueden cambiar seg\u00fan el descuento que se aplique, el tipo de acomodaci\u00f3n que se elija (en esta traves\u00eda no es posible la acomodaci\u00f3n en camarote) y si se viaja con un veh\u00edculo.<\/p>\n\n\n    <div class=\"ad ad-type-timetable ad-has-image\">\n      <div class=\"ad-wrapper\">\n        <a href=\"\/en\/ads\/url\/29\" rel=\"nofollow\" target=\"_blank\" style=\"background: url(\/en\/ads\/img\/29\/timetable?p=69e02a8f64fac)\">\n                      <span class=\"title\">Trasmapi Club<\/span>\n            <span class=\"description\"><\/span>\n            <span class=\"ad-footer\"><\/span>\n                  <\/a>\n      <\/div>\n    <\/div>\n    \n\n\n\n<p>Puedes reservar el ticket de tu viaje a Formentera o D\u00e9nia de la manera m\u00e1s econ\u00f3mica y f\u00e1cil a trav\u00e9s de<a href=\"https:\/\/booking.proximoferry.com\/\"> nuestra web<\/a>.<\/p>\n\n\n\n<p>Recuerda estar con suficiente tiempo de antelaci\u00f3n en el puerto de D\u00e9nia, especialmente si viajas con veh\u00edculo. No olvides que existe una regulaci\u00f3n de entrada de veh\u00edculos en Formentera. Desde<a href=\"https:\/\/proximoferry.brikkelt.nl\/blog\/tips\/la-regulacion-de-entrada-de-vehiculos-en-formentera\/\"> Pr\u00f3ximo Ferry<\/a> te explicamos los pasos que debes seguir si quieres viajar con tu coche o moto. Viajar con la bicicleta es totalmente gratuito.<\/p>\n\n\n    <div class=\"ad ad-type-timetable ad-has-image\">\n      <div class=\"ad-wrapper\">\n        <a href=\"\/en\/ads\/url\/122\" rel=\"nofollow\" target=\"_blank\" style=\"background: url(\/en\/ads\/img\/122\/timetable?p=69e02a8f64fac)\">\n                      <span class=\"title\">Rigatoni<\/span>\n            <span class=\"description\"><\/span>\n            <span class=\"ad-footer\"><\/span>\n                  <\/a>\n      <\/div>\n    <\/div>\n    \n\n\n\n<p><br><\/p>\n","protected":false},"excerpt":{"rendered":"<p>\u00bfDurante los meses de verano es posible viajar de forma directa, sin tener que hacer escala en Ibiza, desde Denia hasta Formentera.<span class=\"ellipsis\">&#8230;<\/span><\/p>\n","protected":false},"author":3,"featured_media":5447,"parent":4770,"menu_order":0,"comment_status":"closed","ping_status":"closed","template":"","meta":{"footnotes":""},"class_list":["post-5446","page","type-page","status-publish","has-post-thumbnail","hentry","es-ES"],"_links":{"self":[{"href":"https:\/\/proximoferry.brikkelt.nl\/blog\/wp-json\/wp\/v2\/pages\/5446"}],"collection":[{"href":"https:\/\/proximoferry.brikkelt.nl\/blog\/wp-json\/wp\/v2\/pages"}],"about":[{"href":"https:\/\/proximoferry.brikkelt.nl\/blog\/wp-json\/wp\/v2\/types\/page"}],"author":[{"embeddable":true,"href":"https:\/\/proximoferry.brikkelt.nl\/blog\/wp-json\/wp\/v2\/users\/3"}],"replies":[{"embeddable":true,"href":"https:\/\/proximoferry.brikkelt.nl\/blog\/wp-json\/wp\/v2\/comments?post=5446"}],"version-history":[{"count":1,"href":"https:\/\/proximoferry.brikkelt.nl\/blog\/wp-json\/wp\/v2\/pages\/5446\/revisions"}],"predecessor-version":[{"id":5448,"href":"https:\/\/proximoferry.brikkelt.nl\/blog\/wp-json\/wp\/v2\/pages\/5446\/revisions\/5448"}],"up":[{"embeddable":true,"href":"https:\/\/proximoferry.brikkelt.nl\/blog\/wp-json\/wp\/v2\/pages\/4770"}],"wp:featuredmedia":[{"embeddable":true,"href":"https:\/\/proximoferry.brikkelt.nl\/blog\/wp-json\/wp\/v2\/media\/5447"}],"wp:attachment":[{"href":"https:\/\/proximoferry.brikkelt.nl\/blog\/wp-json\/wp\/v2\/media?parent=5446"}],"curies":[{"name":"wp","href":"https:\/\/api.w.org\/{rel}","templated":true}]}}