{"id":5346,"date":"2022-06-08T06:21:51","date_gmt":"2022-06-08T06:21:51","guid":{"rendered":"https:\/\/proximoferry.brikkelt.nl\/blog\/?page_id=5346"},"modified":"2022-06-13T05:47:58","modified_gmt":"2022-06-13T05:47:58","slug":"como-ir-del-dique-de-botafoc-hasta-la-estacion-de-ferrys-ibiza-formentera","status":"publish","type":"page","link":"https:\/\/proximoferry.brikkelt.nl\/blog\/tips\/como-ir-del-dique-de-botafoc-hasta-la-estacion-de-ferrys-ibiza-formentera\/","title":{"rendered":"\u00bfC\u00f3mo ir del Dique de Botafoc hasta la estaci\u00f3n de ferrys Ibiza-Formentera?"},"content":{"rendered":"\n<p>A la salida de la terminal de pasajeros del dique de Botafoc, en Ibiza, las compa\u00f1\u00edas navieras ponen a disposici\u00f3n de los pasajeros que viajan sin veh\u00edculo un bus que se encuentra justo a la salida de la terminal.<\/p>\n\n\n\n<p>Se trata de un servicio gratuito que puedes utilizar si tienes conexi\u00f3n con un ferry Ibiza Formentera, ya que es imprescindible ense\u00f1ar al conductor del autob\u00fas la tarjeta de embarque del siguiente barco que vas a coger. <\/p>\n\n\n    <div class=\"ad ad-type-timetable ad-has-image\">\n      <div class=\"ad-wrapper\">\n        <a href=\"\/en\/ads\/url\/25\" rel=\"nofollow\" target=\"_blank\" style=\"background: url(\/en\/ads\/img\/25\/timetable?p=69e02a8ede095)\">\n                      <span class=\"title\">Trasmapi Club<\/span>\n            <span class=\"description\"><\/span>\n            <span class=\"ad-footer\"><\/span>\n                  <\/a>\n      <\/div>\n    <\/div>\n    \n\n\n\n<p>Si vas a utilizar el servicio en direcci\u00f3n contraria, desde la estaci\u00f3n del ferry Ibiza Formentera hasta Botafoc, ver\u00e1s indicado el lugar donde coger este servicio con un cartel redondo azul con la palabra bus en blanco. El procedimiento ser\u00e1 el mismo: debes ense\u00f1ar la tarjeta de embarque del buque que coger\u00e1s en el Dique y no tiene ning\u00fan coste.<\/p>\n\n\n\n<p>La duraci\u00f3n de este trayecto es de unos 10-15 minutos.<\/p>\n\n\n\n<p>Tambi\u00e9n puedes coger el servicio de taxis. Si vas en coche, hay la posibilidad de dejarlo all\u00ed ya que el parking es gratuito.<\/p>\n\n\n    <div class=\"ad ad-type-timetable ad-has-image\">\n      <div class=\"ad-wrapper\">\n        <a href=\"\/en\/ads\/url\/29\" rel=\"nofollow\" target=\"_blank\" style=\"background: url(\/en\/ads\/img\/29\/timetable?p=69e02a8ede095)\">\n                      <span class=\"title\">Trasmapi Club<\/span>\n            <span class=\"description\"><\/span>\n            <span class=\"ad-footer\"><\/span>\n                  <\/a>\n      <\/div>\n    <\/div>\n    \n","protected":false},"excerpt":{"rendered":"<p>A la salida de la terminal de pasajeros del dique de Botafoc, en Ibiza, las compa\u00f1\u00edas navieras ponen a disposici\u00f3n de los<span class=\"ellipsis\">&#8230;<\/span><\/p>\n","protected":false},"author":3,"featured_media":5347,"parent":4770,"menu_order":0,"comment_status":"closed","ping_status":"closed","template":"","meta":{"footnotes":""},"class_list":["post-5346","page","type-page","status-publish","has-post-thumbnail","hentry","es-ES"],"_links":{"self":[{"href":"https:\/\/proximoferry.brikkelt.nl\/blog\/wp-json\/wp\/v2\/pages\/5346"}],"collection":[{"href":"https:\/\/proximoferry.brikkelt.nl\/blog\/wp-json\/wp\/v2\/pages"}],"about":[{"href":"https:\/\/proximoferry.brikkelt.nl\/blog\/wp-json\/wp\/v2\/types\/page"}],"author":[{"embeddable":true,"href":"https:\/\/proximoferry.brikkelt.nl\/blog\/wp-json\/wp\/v2\/users\/3"}],"replies":[{"embeddable":true,"href":"https:\/\/proximoferry.brikkelt.nl\/blog\/wp-json\/wp\/v2\/comments?post=5346"}],"version-history":[{"count":4,"href":"https:\/\/proximoferry.brikkelt.nl\/blog\/wp-json\/wp\/v2\/pages\/5346\/revisions"}],"predecessor-version":[{"id":5390,"href":"https:\/\/proximoferry.brikkelt.nl\/blog\/wp-json\/wp\/v2\/pages\/5346\/revisions\/5390"}],"up":[{"embeddable":true,"href":"https:\/\/proximoferry.brikkelt.nl\/blog\/wp-json\/wp\/v2\/pages\/4770"}],"wp:featuredmedia":[{"embeddable":true,"href":"https:\/\/proximoferry.brikkelt.nl\/blog\/wp-json\/wp\/v2\/media\/5347"}],"wp:attachment":[{"href":"https:\/\/proximoferry.brikkelt.nl\/blog\/wp-json\/wp\/v2\/media?parent=5346"}],"curies":[{"name":"wp","href":"https:\/\/api.w.org\/{rel}","templated":true}]}}