{"id":5170,"date":"2020-07-31T20:13:43","date_gmt":"2020-07-31T20:13:43","guid":{"rendered":"https:\/\/proximoferry.brikkelt.nl\/blog\/?page_id=5170"},"modified":"2024-06-21T07:34:43","modified_gmt":"2024-06-21T07:34:43","slug":"bus","status":"publish","type":"page","link":"https:\/\/proximoferry.brikkelt.nl\/blog\/bus\/","title":{"rendered":"Bus info"},"content":{"rendered":"<h1 style=\"text-align: left;\">Informaci\u00f3n de transporte en autob\u00fas en Formentera e Ibiza<\/h1>\n<h2 style=\"text-align: left;\">Rutas de bus en Formentera.<\/h2>\n<p>En <a href=\"http:\/\/www.proximoferry.com\">Pr\u00f3ximo Ferry<\/a> te ofrecemos informaci\u00f3n detallada sobre las l\u00edneas de autob\u00fas que conectan el Puerto de La Savina con diversas localidades de Formentera, para que elegir la parada de autob\u00fas adecuada.<\/p>\n<h3>Transporte gratuito en Formentera<\/h3>\n<p><strong>En Formentera el autob\u00fas es gratuito para los residentes en Formentera, menores de <\/strong><strong>18 a\u00f1os, personas dependientes o con discapacidad y sus acompa\u00f1antes, as\u00ed como trabajadores con tarjeta de transporte, independientemente de que sean residentes o turistas.<\/strong><\/p>\n<h3>L\u00edneas de autob\u00fas disponibles<\/h3>\n<h4>L\u00ednea 1 y L\u00ednea 2<\/h4>\n<p><span style=\"text-decoration: underline;\">Ambas l\u00edneas parten y llega al Puerto de La Savina, con paradas en:<\/span><\/p>\n<ul>\n<li>La Savina<\/li>\n<li>Sant Francesc<\/li>\n<li>Sant Ferran<\/li>\n<li>Es Pujols<\/li>\n<li>Es Cal\u00f3<\/li>\n<li>El Pilar<\/li>\n<li>Far de la Mola<\/li>\n<\/ul>\n<p><\/p>\n<p>&nbsp;te Las dos primeras salidas del d\u00eda <strong>(7:15 y 8:00)<\/strong> en Es Pujols, y el \u00faltimo viaje desde La Savina <strong>(22:30)<\/strong> tambi\u00e9n finaliza en Es Pujols.<\/p>\n<p><img loading=\"lazy\" decoding=\"async\" class=\"aligncenter wp-image-8745 size-medium\" src=\"https:\/\/proximoferry.brikkelt.nl\/blog\/wp-content\/uploads\/2024\/06\/linea-1-bus-formentera-300x289.png\" alt=\"\" width=\"300\" height=\"289\" srcset=\"https:\/\/proximoferry.brikkelt.nl\/blog\/wp-content\/uploads\/2024\/06\/linea-1-bus-formentera-300x289.png 300w, https:\/\/proximoferry.brikkelt.nl\/blog\/wp-content\/uploads\/2024\/06\/linea-1-bus-formentera-470x453.png 470w, https:\/\/proximoferry.brikkelt.nl\/blog\/wp-content\/uploads\/2024\/06\/linea-1-bus-formentera.png 618w\" sizes=\"(max-width: 300px) 100vw, 300px\" \/><\/p>\n<p><strong>La L2 es la l\u00ednea que te llevar\u00e1 del puerto al Faro de La Mola<\/strong> y tiene paradas en La Savina, Sant Francesc, Sant Ferran, Ca Mar\u00ed, Es Cal\u00f3, Maryland, El Pilar y La Mola.<\/p>\n<p>Hay que tener en cuenta que el \u00faltimo viaje desde La Savina (22:20) pasa por Es Pujols.&nbsp;<\/p>\n<p><img loading=\"lazy\" decoding=\"async\" class=\"aligncenter wp-image-8743 size-full\" src=\"https:\/\/proximoferry.brikkelt.nl\/blog\/wp-content\/uploads\/2024\/06\/linea-dos-horarios-bus-formentera.png\" alt=\"\" width=\"683\" height=\"810\" srcset=\"https:\/\/proximoferry.brikkelt.nl\/blog\/wp-content\/uploads\/2024\/06\/linea-dos-horarios-bus-formentera.png 683w, https:\/\/proximoferry.brikkelt.nl\/blog\/wp-content\/uploads\/2024\/06\/linea-dos-horarios-bus-formentera-253x300.png 253w, https:\/\/proximoferry.brikkelt.nl\/blog\/wp-content\/uploads\/2024\/06\/linea-dos-horarios-bus-formentera-470x557.png 470w\" sizes=\"(max-width: 683px) 100vw, 683px\" \/><\/p>\n\n\n<h4 class=\"wp-block-heading\">L\u00ednea 3 (Tur\u00edstica)<\/h4>\n\n\n\n<p><strong>La L\u00ednea 3 <\/strong>te lleva a la playa de Illetes desde el Port de La Savina, disponible en temporada alta con diferentes tarifas:<\/p>\n\n\n\n<ul class=\"wp-block-list\"><li><strong>Ruta Amarilla:<\/strong> Directa a Playa de Illetes, precio 10\u20ac.<\/li><li><strong>Ruta Azul:<\/strong> Llega a Illetes y Es Pujols, precio 15\u20ac.<\/li><li><strong>Ruta Verde:<\/strong> Permite bajar en Illetes, Es Pujols, el Far de la Mola y el mirador. <\/li><\/ul>\n\n\n\n<p><strong>La l\u00ednea amarilla cuesta 10\u20ac y la l\u00ednea azul cuesta 15\u20ac.<\/strong><\/p>\n\n\n\n<figure class=\"wp-block-image\"><img loading=\"lazy\" decoding=\"async\" width=\"1024\" height=\"662\" src=\"https:\/\/proximoferry.brikkelt.nl\/blog\/wp-content\/uploads\/2024\/06\/linea-3-bus-horarios-formentera-1024x662.jpg\" alt=\"\" class=\"wp-image-8748\" srcset=\"https:\/\/proximoferry.brikkelt.nl\/blog\/wp-content\/uploads\/2024\/06\/linea-3-bus-horarios-formentera-1024x662.jpg 1024w, https:\/\/proximoferry.brikkelt.nl\/blog\/wp-content\/uploads\/2024\/06\/linea-3-bus-horarios-formentera-300x194.jpg 300w, https:\/\/proximoferry.brikkelt.nl\/blog\/wp-content\/uploads\/2024\/06\/linea-3-bus-horarios-formentera-768x497.jpg 768w, https:\/\/proximoferry.brikkelt.nl\/blog\/wp-content\/uploads\/2024\/06\/linea-3-bus-horarios-formentera-470x304.jpg 470w, https:\/\/proximoferry.brikkelt.nl\/blog\/wp-content\/uploads\/2024\/06\/linea-3-bus-horarios-formentera.jpg 2048w\" sizes=\"(max-width: 1024px) 100vw, 1024px\" \/><\/figure>\n\n\n\n<h4 class=\"wp-block-heading\">L\u00ednea 7<\/h4>\n\n\n\n<p>Esta l\u00ednea conecta el Hotel Riu La Mola\/Insotel Maryland con la Playa de Illetes.<\/p>\n\n\n\n<div class=\"wp-block-image\"><figure class=\"aligncenter\"><img loading=\"lazy\" decoding=\"async\" width=\"344\" height=\"208\" src=\"https:\/\/proximoferry.brikkelt.nl\/blog\/wp-content\/uploads\/2024\/06\/linea-7-horario-ibiza-formentera.png\" alt=\"\" class=\"wp-image-8750\" srcset=\"https:\/\/proximoferry.brikkelt.nl\/blog\/wp-content\/uploads\/2024\/06\/linea-7-horario-ibiza-formentera.png 344w, https:\/\/proximoferry.brikkelt.nl\/blog\/wp-content\/uploads\/2024\/06\/linea-7-horario-ibiza-formentera-300x181.png 300w\" sizes=\"(max-width: 344px) 100vw, 344px\" \/><\/figure><\/div>\n\n\n\n<h4 class=\"wp-block-heading\">L\u00ednea para la Fira de La Mola<\/h4>\n\n\n\n<p>Servicio especial en d\u00edas de mercado <strong>desde<\/strong> <strong>Sa Roqueta<\/strong> <strong>y Es Pujols, hasta La Mola:<\/strong><\/p>\n\n\n\n<div class=\"wp-block-image\"><figure class=\"aligncenter\"><img loading=\"lazy\" decoding=\"async\" width=\"770\" height=\"364\" src=\"https:\/\/proximoferry.brikkelt.nl\/blog\/wp-content\/uploads\/2024\/05\/linea-bus-para-ir-al-mercado-de-formentera.jpg\" alt=\"bus para ir al mercado de formentera\" class=\"wp-image-8416\" srcset=\"https:\/\/proximoferry.brikkelt.nl\/blog\/wp-content\/uploads\/2024\/05\/linea-bus-para-ir-al-mercado-de-formentera.jpg 770w, https:\/\/proximoferry.brikkelt.nl\/blog\/wp-content\/uploads\/2024\/05\/linea-bus-para-ir-al-mercado-de-formentera-300x142.jpg 300w, https:\/\/proximoferry.brikkelt.nl\/blog\/wp-content\/uploads\/2024\/05\/linea-bus-para-ir-al-mercado-de-formentera-768x363.jpg 768w, https:\/\/proximoferry.brikkelt.nl\/blog\/wp-content\/uploads\/2024\/05\/linea-bus-para-ir-al-mercado-de-formentera-470x222.jpg 470w\" sizes=\"(max-width: 770px) 100vw, 770px\" \/><\/figure><\/div>\n\n\n\n<p>Tarifas:<\/p>\n\n\n\n<ul class=\"wp-block-list\"><li><strong>Ticket corto recorrido<\/strong>: 2,25\u20ac<\/li><li><strong>Ticket largo recorrido:<\/strong> 3.20\u20ac<\/li><li><strong>Bono 10 corto:<\/strong> 15\u20ac (10 viajes)<\/li><li><strong>Bono 10 largo:<\/strong>&nbsp; 20\u20ac (10 viajes)<\/li><li><strong>Bono Joven (menores de 31 a\u00f1os)<\/strong>: 25\u20ac (25 viajes)<\/li><li><strong>Bono 20 corto:<\/strong> 30\u20ac bonificado<\/li><li><strong>Bono 20 largo: <\/strong>40\u20ac bonificado<\/li><li><strong>Bono d\u00eda:<\/strong> 15\u20ac bonificado<\/li><li><\/li><\/ul>\n\n\n\n<p><strong>Nota: <\/strong>Los precios son gratuitos para residentes en Formentera, menores de edad, discapacitados y trabajadores con tarjeta de transporte. Los precios pueden variar durante la temporada.<\/p>\n\n\n\n<h3 class=\"wp-block-heading\">Extra fiestas de Sant Joan &#8211; La Mola <\/h3>\n\n\n\n<h4 class=\"wp-block-heading\">23 de junio de 2024<\/h4>\n\n\n\n<figure class=\"wp-block-image\"><img loading=\"lazy\" decoding=\"async\" width=\"650\" height=\"204\" src=\"https:\/\/proximoferry.brikkelt.nl\/blog\/wp-content\/uploads\/2024\/06\/bus-extra-formentera.png\" alt=\"\" class=\"wp-image-8834\" srcset=\"https:\/\/proximoferry.brikkelt.nl\/blog\/wp-content\/uploads\/2024\/06\/bus-extra-formentera.png 650w, https:\/\/proximoferry.brikkelt.nl\/blog\/wp-content\/uploads\/2024\/06\/bus-extra-formentera-300x94.png 300w, https:\/\/proximoferry.brikkelt.nl\/blog\/wp-content\/uploads\/2024\/06\/bus-extra-formentera-470x148.png 470w\" sizes=\"(max-width: 650px) 100vw, 650px\" \/><figcaption>La Mola 23 de junio de 2024 &#8211; Extra fiestas de Sant Joan 2024<\/figcaption><\/figure>\n\n\n\n<h2 class=\"wp-block-heading\">Horarios bus aeropuerto al puerto de Ibiza.<\/h2>\n\n\n\n<p>Adem\u00e1s de comprar tu billete de Ferry Ibiza-Formentera <a href=\"https:\/\/booking.proximoferry.com\/\">aqu\u00ed<\/a> ,te informamos sobre los horarios del autob\u00fas que conecta el Aeropuerto de Ibiza con el puerto  para que puedas coger el<strong> pr\u00f3ximo Ferry a Formentera.<\/strong><\/p>\n\n\n\n<h4 class=\"wp-block-heading\">L\u00ednea 10: Aeropuerto de Ibiza al Puerto de Ibiza<\/h4>\n\n\n\n<p>La distancia del aeropuerto al puerto es de apenas 8 km, y el trayecto en autob\u00fas es la forma m\u00e1s sostenible y econ\u00f3mica de llegar al puerto. Hay una salida cada 30 minutos aproximadamente. <\/p>\n\n\n\n<figure class=\"wp-block-image\"><img loading=\"lazy\" decoding=\"async\" width=\"470\" height=\"470\" src=\"https:\/\/proximoferry.brikkelt.nl\/blog\/wp-content\/uploads\/2022\/08\/Bus-aeropuerto-puerto-de-Ibiza.png\" alt=\"\" class=\"wp-image-5583\" srcset=\"https:\/\/proximoferry.brikkelt.nl\/blog\/wp-content\/uploads\/2022\/08\/Bus-aeropuerto-puerto-de-Ibiza.png 470w, https:\/\/proximoferry.brikkelt.nl\/blog\/wp-content\/uploads\/2022\/08\/Bus-aeropuerto-puerto-de-Ibiza-150x150.png 150w, https:\/\/proximoferry.brikkelt.nl\/blog\/wp-content\/uploads\/2022\/08\/Bus-aeropuerto-puerto-de-Ibiza-300x300.png 300w\" sizes=\"(max-width: 470px) 100vw, 470px\" \/><figcaption>Llegada al aeropuerto de Ibiza con destino pr\u00f3ximo Ferry Ibiza Formentera<\/figcaption><\/figure>\n\n\n\n<p><strong>Verano:<\/strong> Recomendamos el autob\u00fas expr\u00e9s que sale todos los d\u00edas y festivos desde la parada justo enfrente del aeropuerto. Este servicio es directo y no realiza paradas. <\/p>\n\n\n\n<ul class=\"wp-block-list\"><li> <strong>Precio:<\/strong> 3,60\u20ac aproximadamente. <\/li><\/ul>\n\n\n\n<p>Planifica tu viaje con anticipaci\u00f3n y asegura tu transporte de manera f\u00e1cil y r\u00e1pida! <a href=\"https:\/\/www.trasmapi.com\/?origin=www.proximoferry.com\">Reserva tu billete de ferry + bus aqu\u00ed.<\/a><\/p>\n\n\n\n<p><strong>Consulta los horarios del bus:<\/strong><\/p>\n\n\n\n<figure class=\"wp-block-image\"><img loading=\"lazy\" decoding=\"async\" width=\"724\" height=\"1024\" src=\"https:\/\/proximoferry.brikkelt.nl\/blog\/wp-content\/uploads\/2024\/04\/Horarios-bus-ibiza-2-724x1024.png\" alt=\"Horarios bus aeropuerto Ibiza puerto ferry Ibiza Formentera\" class=\"wp-image-8242\" srcset=\"https:\/\/proximoferry.brikkelt.nl\/blog\/wp-content\/uploads\/2024\/04\/Horarios-bus-ibiza-2-724x1024.png 724w, https:\/\/proximoferry.brikkelt.nl\/blog\/wp-content\/uploads\/2024\/04\/Horarios-bus-ibiza-2-212x300.png 212w, https:\/\/proximoferry.brikkelt.nl\/blog\/wp-content\/uploads\/2024\/04\/Horarios-bus-ibiza-2-768x1086.png 768w, https:\/\/proximoferry.brikkelt.nl\/blog\/wp-content\/uploads\/2024\/04\/Horarios-bus-ibiza-2-470x665.png 470w, https:\/\/proximoferry.brikkelt.nl\/blog\/wp-content\/uploads\/2024\/04\/Horarios-bus-ibiza-2.png 1587w\" sizes=\"(max-width: 724px) 100vw, 724px\" \/><\/figure>\n\n\n\n<h3 class=\"wp-block-heading\">Compra tu billete de Ferry + Bus<\/h3>\n\n\n\n<p>Para una experiencia de viaje sin complicaciones,<strong> compra tu billete de ferry + bus <\/strong>desde el aeropuerto de Ibiza al puerto de Formentera al pinchar <a href=\"https:\/\/www.trasmapi.com\/?origin=www.proximoferry.com\">aqu\u00ed.<\/a><\/p>\n\n\n\n<p>Si quieres saber m\u00e1s sobre como llegar al puerto de Ibiza, lee nuestro <a href=\"https:\/\/proximoferry.brikkelt.nl\/blog\/tips\/como-llegar-al-puerto-de-ibiza-para-coger-el-ferry-a-formentera\/\">post,<\/a> C\u00f3mo llegar al puerto de Ibiza para coger el ferry a Formentera. <strong>\u00a1Feliz viaje!<\/strong><\/p>\n","protected":false},"excerpt":{"rendered":"<p>Informaci\u00f3n de transporte en autob\u00fas en Formentera e Ibiza Rutas de bus en Formentera. En Pr\u00f3ximo Ferry te ofrecemos informaci\u00f3n detallada sobre<span class=\"ellipsis\">&#8230;<\/span><\/p>\n","protected":false},"author":1,"featured_media":7833,"parent":0,"menu_order":3000,"comment_status":"closed","ping_status":"closed","template":"","meta":{"footnotes":""},"class_list":["post-5170","page","type-page","status-publish","has-post-thumbnail","hentry","es-ES"],"_links":{"self":[{"href":"https:\/\/proximoferry.brikkelt.nl\/blog\/wp-json\/wp\/v2\/pages\/5170"}],"collection":[{"href":"https:\/\/proximoferry.brikkelt.nl\/blog\/wp-json\/wp\/v2\/pages"}],"about":[{"href":"https:\/\/proximoferry.brikkelt.nl\/blog\/wp-json\/wp\/v2\/types\/page"}],"author":[{"embeddable":true,"href":"https:\/\/proximoferry.brikkelt.nl\/blog\/wp-json\/wp\/v2\/users\/1"}],"replies":[{"embeddable":true,"href":"https:\/\/proximoferry.brikkelt.nl\/blog\/wp-json\/wp\/v2\/comments?post=5170"}],"version-history":[{"count":124,"href":"https:\/\/proximoferry.brikkelt.nl\/blog\/wp-json\/wp\/v2\/pages\/5170\/revisions"}],"predecessor-version":[{"id":8835,"href":"https:\/\/proximoferry.brikkelt.nl\/blog\/wp-json\/wp\/v2\/pages\/5170\/revisions\/8835"}],"wp:featuredmedia":[{"embeddable":true,"href":"https:\/\/proximoferry.brikkelt.nl\/blog\/wp-json\/wp\/v2\/media\/7833"}],"wp:attachment":[{"href":"https:\/\/proximoferry.brikkelt.nl\/blog\/wp-json\/wp\/v2\/media?parent=5170"}],"curies":[{"name":"wp","href":"https:\/\/api.w.org\/{rel}","templated":true}]}}