{"id":5128,"date":"2019-08-08T11:52:11","date_gmt":"2019-08-08T11:52:11","guid":{"rendered":"https:\/\/proximoferry.brikkelt.nl\/blog\/?page_id=5128"},"modified":"2024-06-14T07:29:05","modified_gmt":"2024-06-14T07:29:05","slug":"las-mejores-puestas-de-sol-de-formentera","status":"publish","type":"page","link":"https:\/\/proximoferry.brikkelt.nl\/blog\/onarrival\/las-mejores-puestas-de-sol-de-formentera\/","title":{"rendered":"LAS MEJORES PUESTAS DE SOL DE FORMENTERA"},"content":{"rendered":"\n<p><strong>Los atardeceres<\/strong> siempre han tenido un encanto m\u00e1gico. Los tonos naranja, rojos y amarillos que ti\u00f1en el cielo capturan nuestra atenci\u00f3n como las m\u00e1s bellas obras de arte. Es aqu\u00ed donde el fot\u00f3grafo que llevamos dentro, sale fuera, y captura el momento.<\/p>\n\n\n\n<p><strong>En Formentera tenemos infinitos sitios desde donde contemplar una puesta sol<\/strong>, pero si lo que quieres adem\u00e1s, es inmortalizar el momento y disfrutar de la tranquilidad que requiere este instante, <strong>nosotros compartimos tres <\/strong>en los que te encontrar\u00e1s a poca gente y lo que ver\u00e1s te fascinar\u00e1.<\/p>\n\n\n\n<h3 class=\"wp-block-heading\">Tres lugares incre\u00edbles donde inmortalizar las puestas de sol<\/h3>\n\n\n    <div class=\"ad ad-type-timetable ad-has-image\">\n      <div class=\"ad-wrapper\">\n        <a href=\"\/en\/ads\/url\/117\" rel=\"nofollow\" target=\"_blank\" style=\"background: url(\/en\/ads\/img\/117\/timetable?p=69e023fd265a4)\">\n                      <span class=\"title\">Waital<\/span>\n            <span class=\"description\"><\/span>\n            <span class=\"ad-footer\"><\/span>\n                  <\/a>\n      <\/div>\n    <\/div>\n    \n\n\n\n<h4 class=\"wp-block-heading\">1. Punta Pedrera y Es Banc<\/h4>\n\n\n\n<p><strong>El primero<\/strong> de todos, es en <strong>la zona de Punta Pedrera y Es Banc<\/strong>. Desde all\u00ed podr\u00e1s contemplar una magn\u00edfica puesta de sol en primera l\u00ednea de mar que, si el d\u00eda es claro, nos permitir\u00e1 no perdernos ni uno de los m\u00e1gicos instantes. Aunque el espect\u00e1culo est\u00e1 tambi\u00e9n en las rocas de <em>mar\u00e8s<\/em> talladas de esta antigua cantera. El reflejo del sol sobre la superficie de la costa nos dar\u00e1 un <em>bonus track<\/em> de una belleza extrema con im\u00e1genes de una puesta de sol sin el sol.<\/p>\n\n\n\n<figure class=\"wp-block-image\"><img loading=\"lazy\" decoding=\"async\" width=\"1024\" height=\"1024\" src=\"https:\/\/proximoferry.brikkelt.nl\/blog\/wp-content\/uploads\/2022\/12\/Punta-Pedrera-Formentera-1024x1024.png\" alt=\"\" class=\"wp-image-6169\" srcset=\"https:\/\/proximoferry.brikkelt.nl\/blog\/wp-content\/uploads\/2022\/12\/Punta-Pedrera-Formentera-1024x1024.png 1024w, https:\/\/proximoferry.brikkelt.nl\/blog\/wp-content\/uploads\/2022\/12\/Punta-Pedrera-Formentera-150x150.png 150w, https:\/\/proximoferry.brikkelt.nl\/blog\/wp-content\/uploads\/2022\/12\/Punta-Pedrera-Formentera-300x300.png 300w, https:\/\/proximoferry.brikkelt.nl\/blog\/wp-content\/uploads\/2022\/12\/Punta-Pedrera-Formentera-768x768.png 768w, https:\/\/proximoferry.brikkelt.nl\/blog\/wp-content\/uploads\/2022\/12\/Punta-Pedrera-Formentera-470x470.png 470w, https:\/\/proximoferry.brikkelt.nl\/blog\/wp-content\/uploads\/2022\/12\/Punta-Pedrera-Formentera.png 1080w\" sizes=\"(max-width: 1024px) 100vw, 1024px\" \/><figcaption>Punta de Sa Pedrera, Formentera<br><\/figcaption><\/figure>\n\n\n\n<h4 class=\"wp-block-heading\">2. Mirador de la Mola<\/h4>\n\n\n\n<p><strong>El segundo de los lugares m\u00e1gicos<\/strong> desde donde ver c\u00f3mo se apaga el d\u00eda <strong>es el Mirador de La Mola.<\/strong> Situado en la carretera que sube a La Mola encontrar\u00e1s el Restaurante El Mirador desde la privilegiada posici\u00f3n del cual podr\u00e1s contemplar la puesta de sol, con la parte baja de Formentera en t\u00e9rmino medio. En d\u00edas claro del mes de junio es a\u00fan m\u00e1s espectacular porque el sol se va muy cerca del islote Vedr\u00e0 dejando un estampa a\u00fan m\u00e1s impactante. Este sitio, puede que est\u00e9 un poco concurrido, pero vale mucho la pena.<\/p>\n\n\n\n<figure class=\"wp-block-image\"><img loading=\"lazy\" decoding=\"async\" width=\"1024\" height=\"1024\" src=\"https:\/\/proximoferry.brikkelt.nl\/blog\/wp-content\/uploads\/2022\/12\/Faro-pilar-de-la-mola-formentera-1024x1024.png\" alt=\"\" class=\"wp-image-6170\" srcset=\"https:\/\/proximoferry.brikkelt.nl\/blog\/wp-content\/uploads\/2022\/12\/Faro-pilar-de-la-mola-formentera-1024x1024.png 1024w, https:\/\/proximoferry.brikkelt.nl\/blog\/wp-content\/uploads\/2022\/12\/Faro-pilar-de-la-mola-formentera-150x150.png 150w, https:\/\/proximoferry.brikkelt.nl\/blog\/wp-content\/uploads\/2022\/12\/Faro-pilar-de-la-mola-formentera-300x300.png 300w, https:\/\/proximoferry.brikkelt.nl\/blog\/wp-content\/uploads\/2022\/12\/Faro-pilar-de-la-mola-formentera-768x768.png 768w, https:\/\/proximoferry.brikkelt.nl\/blog\/wp-content\/uploads\/2022\/12\/Faro-pilar-de-la-mola-formentera-470x470.png 470w, https:\/\/proximoferry.brikkelt.nl\/blog\/wp-content\/uploads\/2022\/12\/Faro-pilar-de-la-mola-formentera.png 1080w\" sizes=\"(max-width: 1024px) 100vw, 1024px\" \/><figcaption>La mejor puesta de sol en el Faro de la Mola &#8211; Formentera<br><br><\/figcaption><\/figure>\n\n\n    <div class=\"ad ad-type-timetable ad-has-image\">\n      <div class=\"ad-wrapper\">\n        <a href=\"\/en\/ads\/url\/115\" rel=\"nofollow\" target=\"_blank\" style=\"background: url(\/en\/ads\/img\/115\/timetable?p=69e023fd265a4)\">\n                      <span class=\"title\">Consell Insular - Zona Blava<\/span>\n            <span class=\"description\"><\/span>\n            <span class=\"ad-footer\"><\/span>\n                  <\/a>\n      <\/div>\n    <\/div>\n    \n\n\n\n<h4 class=\"wp-block-heading\">3. Molinos de Sa Miranda<\/h4>\n\n\n\n<p>Y, por \u00faltimo, tienes que ir un d\u00eda a ver c\u00f3mo el sol se va desde <strong>los molinos de sa Miranda, muy cerca de Sant Francesc<\/strong>. Ver el fundido a negro, con la silueta de uno de los molinos es una de las im\u00e1genes impagables que nos dan los atardeceres de Formentera que no te dejar\u00e1 indiferente.<\/p>\n\n\n\n<figure class=\"wp-block-image\"><img loading=\"lazy\" decoding=\"async\" width=\"1024\" height=\"1024\" src=\"https:\/\/proximoferry.brikkelt.nl\/blog\/wp-content\/uploads\/2022\/12\/sunset-en-la-Mola-Formentera-1024x1024.png\" alt=\"\" class=\"wp-image-6171\" srcset=\"https:\/\/proximoferry.brikkelt.nl\/blog\/wp-content\/uploads\/2022\/12\/sunset-en-la-Mola-Formentera-1024x1024.png 1024w, https:\/\/proximoferry.brikkelt.nl\/blog\/wp-content\/uploads\/2022\/12\/sunset-en-la-Mola-Formentera-150x150.png 150w, https:\/\/proximoferry.brikkelt.nl\/blog\/wp-content\/uploads\/2022\/12\/sunset-en-la-Mola-Formentera-300x300.png 300w, https:\/\/proximoferry.brikkelt.nl\/blog\/wp-content\/uploads\/2022\/12\/sunset-en-la-Mola-Formentera-768x768.png 768w, https:\/\/proximoferry.brikkelt.nl\/blog\/wp-content\/uploads\/2022\/12\/sunset-en-la-Mola-Formentera-470x470.png 470w, https:\/\/proximoferry.brikkelt.nl\/blog\/wp-content\/uploads\/2022\/12\/sunset-en-la-Mola-Formentera.png 1080w\" sizes=\"(max-width: 1024px) 100vw, 1024px\" \/><figcaption>Puesta de sol en Formentera<\/figcaption><\/figure>\n\n\n\n<h4 class=\"wp-block-heading\">Disfruta de las puestas de sol en Formentera<\/h4>\n\n\n\n<p><strong>La puesta de sol <\/strong>es uno de esos placeres austeros que nos regala esta magn\u00edfica isla.<\/p>\n\n\n\n<p>Si vienes a Formentera puedes comprar los tickets del ferry online en <a href=\"https:\/\/booking.proximoferry.com\/\">booking.proximoferry.com<\/a> y te ahorras unos euros y las colas de gente que te saltar\u00e1s gracias a llevar las tarjetas de embarque en tu m\u00f3vil.<\/p>\n","protected":false},"excerpt":{"rendered":"<p>Los atardeceres siempre han tenido un encanto m\u00e1gico. Los tonos naranja, rojos y amarillos que ti\u00f1en el cielo capturan nuestra atenci\u00f3n como<span class=\"ellipsis\">&#8230;<\/span><\/p>\n","protected":false},"author":3,"featured_media":5126,"parent":4768,"menu_order":3,"comment_status":"closed","ping_status":"closed","template":"","meta":{"footnotes":""},"class_list":["post-5128","page","type-page","status-publish","has-post-thumbnail","hentry","es-ES"],"_links":{"self":[{"href":"https:\/\/proximoferry.brikkelt.nl\/blog\/wp-json\/wp\/v2\/pages\/5128"}],"collection":[{"href":"https:\/\/proximoferry.brikkelt.nl\/blog\/wp-json\/wp\/v2\/pages"}],"about":[{"href":"https:\/\/proximoferry.brikkelt.nl\/blog\/wp-json\/wp\/v2\/types\/page"}],"author":[{"embeddable":true,"href":"https:\/\/proximoferry.brikkelt.nl\/blog\/wp-json\/wp\/v2\/users\/3"}],"replies":[{"embeddable":true,"href":"https:\/\/proximoferry.brikkelt.nl\/blog\/wp-json\/wp\/v2\/comments?post=5128"}],"version-history":[{"count":5,"href":"https:\/\/proximoferry.brikkelt.nl\/blog\/wp-json\/wp\/v2\/pages\/5128\/revisions"}],"predecessor-version":[{"id":8809,"href":"https:\/\/proximoferry.brikkelt.nl\/blog\/wp-json\/wp\/v2\/pages\/5128\/revisions\/8809"}],"up":[{"embeddable":true,"href":"https:\/\/proximoferry.brikkelt.nl\/blog\/wp-json\/wp\/v2\/pages\/4768"}],"wp:featuredmedia":[{"embeddable":true,"href":"https:\/\/proximoferry.brikkelt.nl\/blog\/wp-json\/wp\/v2\/media\/5126"}],"wp:attachment":[{"href":"https:\/\/proximoferry.brikkelt.nl\/blog\/wp-json\/wp\/v2\/media?parent=5128"}],"curies":[{"name":"wp","href":"https:\/\/api.w.org\/{rel}","templated":true}]}}