{"id":5106,"date":"2019-07-23T14:42:52","date_gmt":"2019-07-23T14:42:52","guid":{"rendered":"https:\/\/proximoferry.brikkelt.nl\/blog\/?page_id=5106"},"modified":"2024-06-14T07:43:04","modified_gmt":"2024-06-14T07:43:04","slug":"sube-a-la-mola-cada-dia","status":"publish","type":"page","link":"https:\/\/proximoferry.brikkelt.nl\/blog\/onarrival\/sube-a-la-mola-cada-dia\/","title":{"rendered":"SUBE A LA MOLA CADA DIA"},"content":{"rendered":"\n<h3 class=\"wp-block-heading\">Descubre La Mola: Actividades diarias y cultura en Formentera<\/h3>\n\n\n\n<p>Desde hace ya unos a\u00f1os que La Mola es mucho m\u00e1s que los d\u00edas de Fira. Es cierto que el Mercto Artes\u00e0 i Fira d&#8217;artesan\u00eda es una de las atracciones m\u00e1s exitosas del verano formenterense (basta con de subir un mi\u00e9rcoles o un domingo para comprobarlo), pero, afortunadamente el pueblo de El Pilar se ha ido consolidando, con el tiempo, como uno de los polos culturales de Formentera.<\/p>\n\n\n    <div class=\"ad ad-type-timetable ad-has-image\">\n      <div class=\"ad-wrapper\">\n        <a href=\"\/en\/ads\/url\/117\" rel=\"nofollow\" target=\"_blank\" style=\"background: url(\/en\/ads\/img\/117\/timetable?p=69e027a021392)\">\n                      <span class=\"title\">Waital<\/span>\n            <span class=\"description\"><\/span>\n            <span class=\"ad-footer\"><\/span>\n                  <\/a>\n      <\/div>\n    <\/div>\n    \n\n\n\n<h3 class=\"wp-block-heading\">Actividades semanales en La Mola<\/h3>\n\n\n\n<h4 class=\"wp-block-heading\">La casa del Poble: Un centro cultural din\u00e1mico<\/h4>\n\n\n\n<ul class=\"wp-block-list\"><li>La Casa del Poble se ha convertido en un punto de encuentro donde disfrutar semana a semana de los actos que organiza Espai F. La agenda contempla de todo y mucho:<\/li><li> Los<strong> jueves de conciertos<\/strong>, disfruta de m\u00fasica en vivo cada semana.<\/li><li><strong>Cine cl\u00e1sico al aire libre de los viernes,<\/strong> Proyecciones de cine cl\u00e1sico en un entorno \u00fanico.<\/li><li><strong>Cantadas Payesas:<\/strong> Experimenta la tradici\u00f3n musical local.<\/li><\/ul>\n\n\n\n<p>La Casa del Poble, adem\u00e1s, es un punto de recogida y pr\u00e9stamo de libros.<\/p>\n\n\n\n<h3 class=\"wp-block-heading\">Faro de La Mola: Historia y arte<\/h3>\n\n\n\n<p>Y, adem\u00e1s, el nuevo reclamo cultural: el remodelado faro de La Mola, que ahora alberga, en su planta baja, por un lado un espacio museizado dedicado a la mar, y por otro un espacio que acoger\u00e1 exposiciones temporales.<\/p>\n\n\n    <div class=\"ad ad-type-timetable ad-has-image\">\n      <div class=\"ad-wrapper\">\n        <a href=\"\/en\/ads\/url\/29\" rel=\"nofollow\" target=\"_blank\" style=\"background: url(\/en\/ads\/img\/29\/timetable?p=69e027a021392)\">\n                      <span class=\"title\">Trasmapi Club<\/span>\n            <span class=\"description\"><\/span>\n            <span class=\"ad-footer\"><\/span>\n                  <\/a>\n      <\/div>\n    <\/div>\n    \n\n\n\n<p>Todos esto lo\ntienes en La Mola, un lugar donde puedes subir cada d\u00eda, sino es que ya est\u00e0s\nall\u00ed.<\/p>\n\n\n\n<h3 class=\"wp-block-heading\">Planifica tu visita<\/h3>\n\n\n\n<p>Y si vienes a Formentera puedes comprar los tickets del ferry online en <a href=\"http:\/\/booking.proximoferry.com\/\">booking.proximoferry.com<\/a> y te ahorras unos euros y las colas de gente que te saltar\u00e1s gracias a llevar las tarjetas de embarque en tu m\u00f3vil.<\/p>\n","protected":false},"excerpt":{"rendered":"<p>Descubre La Mola: Actividades diarias y cultura en Formentera Desde hace ya unos a\u00f1os que La Mola es mucho m\u00e1s que los<span class=\"ellipsis\">&#8230;<\/span><\/p>\n","protected":false},"author":3,"featured_media":5107,"parent":4768,"menu_order":3,"comment_status":"closed","ping_status":"closed","template":"","meta":{"footnotes":""},"class_list":["post-5106","page","type-page","status-publish","has-post-thumbnail","hentry","es-ES"],"_links":{"self":[{"href":"https:\/\/proximoferry.brikkelt.nl\/blog\/wp-json\/wp\/v2\/pages\/5106"}],"collection":[{"href":"https:\/\/proximoferry.brikkelt.nl\/blog\/wp-json\/wp\/v2\/pages"}],"about":[{"href":"https:\/\/proximoferry.brikkelt.nl\/blog\/wp-json\/wp\/v2\/types\/page"}],"author":[{"embeddable":true,"href":"https:\/\/proximoferry.brikkelt.nl\/blog\/wp-json\/wp\/v2\/users\/3"}],"replies":[{"embeddable":true,"href":"https:\/\/proximoferry.brikkelt.nl\/blog\/wp-json\/wp\/v2\/comments?post=5106"}],"version-history":[{"count":5,"href":"https:\/\/proximoferry.brikkelt.nl\/blog\/wp-json\/wp\/v2\/pages\/5106\/revisions"}],"predecessor-version":[{"id":8813,"href":"https:\/\/proximoferry.brikkelt.nl\/blog\/wp-json\/wp\/v2\/pages\/5106\/revisions\/8813"}],"up":[{"embeddable":true,"href":"https:\/\/proximoferry.brikkelt.nl\/blog\/wp-json\/wp\/v2\/pages\/4768"}],"wp:featuredmedia":[{"embeddable":true,"href":"https:\/\/proximoferry.brikkelt.nl\/blog\/wp-json\/wp\/v2\/media\/5107"}],"wp:attachment":[{"href":"https:\/\/proximoferry.brikkelt.nl\/blog\/wp-json\/wp\/v2\/media?parent=5106"}],"curies":[{"name":"wp","href":"https:\/\/api.w.org\/{rel}","templated":true}]}}