{"id":4771,"date":"2019-01-28T09:38:42","date_gmt":"2019-01-28T09:38:42","guid":{"rendered":"https:\/\/proximoferry.brikkelt.nl\/blog\/?page_id=4570"},"modified":"2022-08-17T15:53:38","modified_gmt":"2022-08-17T15:53:38","slug":"como-llegar-al-puerto-de-ibiza-para-coger-el-ferry-a-formentera","status":"publish","type":"page","link":"https:\/\/proximoferry.brikkelt.nl\/blog\/tips\/como-llegar-al-puerto-de-ibiza-para-coger-el-ferry-a-formentera\/","title":{"rendered":"C\u00d3MO LLEGAR AL PUERTO DE IBIZA PARA COGER EL FERRY A FORMENTERA"},"content":{"rendered":"\n<p>Si llegas a Ibiza en avi\u00f3n, tienes dos v\u00edsas de llegar a la estaci\u00f3n mar\u00edtima del puerto de Ibiza para embarcar en el ferry de Ibiza Formentera. <\/p>\n\n\n\n<p>La primera, y m\u00e1s r\u00e1pida, es el <strong>taxi.<\/strong> La carrera te costar\u00e1 unos<strong> 20\u20ac <\/strong>y tardar\u00e1s entre <strong>10 y 20 minutos <\/strong>dependiendo del tr\u00e1fico que haya en Ibiza. Recordar que seg\u00fan la \u00e9poca del a\u00f1o tendr\u00e1s que esperar porque no siempre hay taxis disponibles. <\/p>\n\n\n\n<p>Si vas con m\u00e1s tiempo, puedes coger <strong>el Bus <\/strong>n\u00famero 10 con el que podr\u00e1s llegar al mismo destino, en unos <strong>30 minutos por tan solo 3,50\u20ac<\/strong>.<\/p>\n\n\n\n<p>Ahora encontrar\u00e1s un nuevo servicio de l\u00ednea de <strong>Bus Express. <\/strong>Lo mejor, es que realiza el <strong>trayecto<\/strong> <strong>directo<\/strong> sin paradas, hasta el puerto de Ibiza donde est\u00e1 el ferry Ibiza Formentera. La primera salida desde el aeropuerto es a las 07h15, con una duraci\u00f3n del trayecto de <strong>20 minutos<\/strong>. Cada 30 minutos sale este Bus Express directo al puerto de Ibiza pero ten en cuenta que la \u00faltima salida del aeropuerto es a las 00h15.<\/p>\n\n\n    <div class=\"ad ad-type-timetable ad-has-image\">\n      <div class=\"ad-wrapper\">\n        <a href=\"\/en\/ads\/url\/25\" rel=\"nofollow\" target=\"_blank\" style=\"background: url(\/en\/ads\/img\/25\/timetable?p=69e02884288d3)\">\n                      <span class=\"title\">Trasmapi Club<\/span>\n            <span class=\"description\"><\/span>\n            <span class=\"ad-footer\"><\/span>\n                  <\/a>\n      <\/div>\n    <\/div>\n    \n\n\n\n<p>Tanto la parada de taxis como la del Bus, est\u00e1n nada m\u00e1s salir de la terminal del aeropuerto de Ibiza. No tiene p\u00e9rdida.<\/p>\n\n\n\n<p><\/p>\n\n\n\n<p>Mientras est\u00e9s llegando al puerto de Ibiza, puedes mirar los horarios de los pr\u00f3ximos ferries  de Ibiza a Formentera y comprar los tickets online <a href=\"http:\/\/www.proximoferry.com\/\"><strong>aqu\u00ed mismo<\/strong><\/a>. O mejor a\u00fan, <a href=\"https:\/\/apps.apple.com\/es\/app\/pr%C3%B3ximo-ferry\/id1059157034\">desc\u00e1rgate<\/a> la nueva app de <strong>Pr\u00f3ximo Ferry,<\/strong> para estar al corriente del tiempo en el mar, consultar horarios del ferry Ibiza Formentera, servicios y mucho m\u00e1s&#8230;.<\/p>\n\n\n\n<figure class=\"wp-block-image\"><a href=\"https:\/\/apps.apple.com\/es\/app\/pr%C3%B3ximo-ferry\/id1059157034\"><img loading=\"lazy\" decoding=\"async\" width=\"1024\" height=\"536\" src=\"https:\/\/proximoferry.brikkelt.nl\/blog\/wp-content\/uploads\/2017\/09\/POST-NUM-035-IMATGE-OK-1024x536.jpg\" alt=\"Reserva en proximo Ferry\" class=\"wp-image-4080\" srcset=\"https:\/\/proximoferry.brikkelt.nl\/blog\/wp-content\/uploads\/2017\/09\/POST-NUM-035-IMATGE-OK-1024x536.jpg 1024w, https:\/\/proximoferry.brikkelt.nl\/blog\/wp-content\/uploads\/2017\/09\/POST-NUM-035-IMATGE-OK-300x157.jpg 300w, https:\/\/proximoferry.brikkelt.nl\/blog\/wp-content\/uploads\/2017\/09\/POST-NUM-035-IMATGE-OK-768x402.jpg 768w, https:\/\/proximoferry.brikkelt.nl\/blog\/wp-content\/uploads\/2017\/09\/POST-NUM-035-IMATGE-OK-150x79.jpg 150w, https:\/\/proximoferry.brikkelt.nl\/blog\/wp-content\/uploads\/2017\/09\/POST-NUM-035-IMATGE-OK-706x369.jpg 706w, https:\/\/proximoferry.brikkelt.nl\/blog\/wp-content\/uploads\/2017\/09\/POST-NUM-035-IMATGE-OK.jpg 1200w\" sizes=\"(max-width: 1024px) 100vw, 1024px\" \/><\/a><\/figure>\n\n\n\n<p>Ya falta menos para llegar.<\/p>\n\n\n\n<p>\u00a1Buen viaje!<\/p>\n\n\n    <div class=\"ad ad-type-timetable ad-has-image\">\n      <div class=\"ad-wrapper\">\n        <a href=\"\/en\/ads\/url\/25\" rel=\"nofollow\" target=\"_blank\" style=\"background: url(\/en\/ads\/img\/25\/timetable?p=69e02884288d3)\">\n                      <span class=\"title\">Trasmapi Club<\/span>\n            <span class=\"description\"><\/span>\n            <span class=\"ad-footer\"><\/span>\n                  <\/a>\n      <\/div>\n    <\/div>\n    \n\n\n\n<p><br><\/p>\n","protected":false},"excerpt":{"rendered":"<p>Si llegas a Ibiza en avi\u00f3n, tienes dos v\u00edsas de llegar a la estaci\u00f3n mar\u00edtima del puerto de Ibiza para embarcar en<span class=\"ellipsis\">&#8230;<\/span><\/p>\n","protected":false},"author":1,"featured_media":4214,"parent":4770,"menu_order":3201,"comment_status":"closed","ping_status":"closed","template":"","meta":{"footnotes":""},"class_list":["post-4771","page","type-page","status-publish","has-post-thumbnail","hentry","es-ES"],"_links":{"self":[{"href":"https:\/\/proximoferry.brikkelt.nl\/blog\/wp-json\/wp\/v2\/pages\/4771"}],"collection":[{"href":"https:\/\/proximoferry.brikkelt.nl\/blog\/wp-json\/wp\/v2\/pages"}],"about":[{"href":"https:\/\/proximoferry.brikkelt.nl\/blog\/wp-json\/wp\/v2\/types\/page"}],"author":[{"embeddable":true,"href":"https:\/\/proximoferry.brikkelt.nl\/blog\/wp-json\/wp\/v2\/users\/1"}],"replies":[{"embeddable":true,"href":"https:\/\/proximoferry.brikkelt.nl\/blog\/wp-json\/wp\/v2\/comments?post=4771"}],"version-history":[{"count":17,"href":"https:\/\/proximoferry.brikkelt.nl\/blog\/wp-json\/wp\/v2\/pages\/4771\/revisions"}],"predecessor-version":[{"id":5604,"href":"https:\/\/proximoferry.brikkelt.nl\/blog\/wp-json\/wp\/v2\/pages\/4771\/revisions\/5604"}],"up":[{"embeddable":true,"href":"https:\/\/proximoferry.brikkelt.nl\/blog\/wp-json\/wp\/v2\/pages\/4770"}],"wp:featuredmedia":[{"embeddable":true,"href":"https:\/\/proximoferry.brikkelt.nl\/blog\/wp-json\/wp\/v2\/media\/4214"}],"wp:attachment":[{"href":"https:\/\/proximoferry.brikkelt.nl\/blog\/wp-json\/wp\/v2\/media?parent=4771"}],"curies":[{"name":"wp","href":"https:\/\/api.w.org\/{rel}","templated":true}]}}